e units digit of 883084?
4
What is the ten thousands digit of 29709110?
0
What is the ten thousands digit of 3364174?
6
What is the tens digit of 65310?
1
What is the thousands digit of 925617?
5
What is the units digit of 932000?
0
What is the tens digit of 7081034?
3
What is the hundreds digit of 545925?
9
What is the ten thousands digit of 29571966?
7
What is the thousands digit of 19153?
9
What is the hundreds digit of 239186?
1
What is the hundreds digit of 7762214?
2
What is the tens digit of 554764?
6
What is the millions digit of 2293835?
2
What is the hundreds digit of 49074?
0
What is the tens digit of 339956?
5
What is the hundred thousands digit of 164006?
1
What is the ten millions digit of 25083673?
2
What is the ten thousands digit of 12110899?
1
What is the tens digit of 275673?
7
What is the units digit of 598430?
0
What is the units digit of 1460161?
1
What is the thousands digit of 81283?
1
What is the hundreds digit of 199547?
5
What is the units digit of 4729981?
1
What is the hundreds digit of 379249?
2
What is the hundred thousands digit of 2806250?
8
What is the hundred thousands digit of 254518?
2
What is the thousands digit of 12743863?
3
What is the tens digit of 10966?
6
What is the thousands digit of 1138996?
8
What is the units digit of 24050022?
2
What is the tens digit of 37130138?
3
What is the hundred thousands digit of 43232438?
2
What is the units digit of 952979?
9
What is the thousands digit of 12406832?
6
What is the hundreds digit of 695503?
5
What is the hundred thousands digit of 2045152?
0
What is the units digit of 3337459?
9
What is the thousands digit of 2439490?
9
What is the ten thousands digit of 435522?
3
What is the tens digit of 3699420?
2
What is the tens digit of 296209?
0
What is the tens digit of 1156793?
9
What is the ten thousands digit of 105538?
0
What is the hundreds digit of 200955?
9
What is the ten thousands digit of 4014196?
1
What is the hundred thousands digit of 27267597?
2
What is the tens digit of 186240?
4
What is the hundreds digit of 14148162?
1
What is the tens digit of 10582386?
8
What is the thousands digit of 207910?
7
What is the tens digit of 510515?
1
What is the tens digit of 84990?
9
What is the hundreds digit of 272467?
4
What is the hundreds digit of 253610?
6
What is the units digit of 319584?
4
What is the hundreds digit of 1254778?
7
What is the ten thousands digit of 528692?
2
What is the hundred thousands digit of 873586?
8
What is the thousands digit of 307310?
7
What is the thousands digit of 484264?
4
What is the units digit of 221021?
1
What is the hundred thousands digit of 360859?
3
What is the units digit of 130854?
4
What is the tens digit of 4692253?
5
What is the units digit of 341004?
4
What is the hundred thousands digit of 558215?
5
What is the units digit of 491402?
2
What is the ten thousands digit of 85186?
8
What is the tens digit of 11928576?
7
What is the millions digit of 2236842?
2
What is the thousands digit of 2776521?
6
What is the thousands digit of 11196521?
6
What is the hundreds digit of 67693?
6
What is the hundreds digit of 188587?
5
What is the thousands digit of 173434?
3
What is the tens digit of 234932?
3
What is the units digit of 277289?
9
What is the units digit of 249819?
9
What is the ten thousands digit of 460612?
6
What is the tens digit of 563381?
8
What is the hundreds digit of 542410?
4
What is the ten thousands digit of 24259?
2
What is the hundreds digit of 4322029?
0
What is the thousands digit of 1981161?
1
What is the hundred thousands digit of 1012460?
0
What is the hundreds digit of 934856?
8
What is the hundred thousands digit of 279955?
2
What is the hundred thousands digit of 1215635?
2
What is the ten thousands digit of 124728?
2
What is the hundred thousands digit of 8246515?
2
What is the hundreds digit of 242089?
0
What is the hundred thousands digit of 1405904?
4
What is the ten thousands digit of 46455?
4
What is the hundreds digit of 385604?
6
What is the hundred thousands digit of 777049?
7
What is the hundreds digit of 6555540?
5
What is the hundred thousands digit of 287501?
2
What is the hundreds digit of 66996?
9
What is the ten thousands digit of 392008?
9
What is the units digit of 655021?
1
What is the ten thousands digit of 32932340?
3
What is the units digit of 2407605?
5
What is the hundreds digit of 7427355?
3
What is the hundreds digit of 512711?
7
What is the hundreds digit of 2622951?
9
What is the hundred thousands digit of 1162503?
1
What is the ten millions digit of 10079157?
1
What is the hundreds digit of 3203846?
8
What is the ten thousands digit of 5860042?
6
What is the thousands digit of 10076521?
6
What is the thousands digit of 6026815?
6
What is the hundred thousands digit of 9104792?
1
What is the ten thousands digit of 866478?
6
What is the ten thousands digit of 329908?
2
What is the units digit of 681825?
5
What is the ten thousands digit of 449072?
4
What is the ten thousands digit of 25351?
2
What is the ten thousands digit of 16324645?
2
What is the ten thousands digit of 228368?
2
What is the hundred thousands digit of 821353?
8
What is the thousands digit of 594572?
4
What is the hundred thousands digit of 1744981?
7
What is the millions digit of 11125407?
1
What is the thousands digit of 1839282?
9
What is the units digit of 1187182?
2
What is the ten thousands digit of 165475?
6
What is the units digit of 533886?
6
What is the hundred thousands digit of 2612308?
6
What is the millions digit of 1391156?
1
What is the hundreds digit of 7822921?
9
What is the tens digit of 352791?
9
What is the hundred thousands digit of 216955?
2
What is the units digit of 683716?
6
What is the hundred thousands digit of 327583?
3
What is the thousands digit of 242833?
2
What is the hundred thousands digit of 2522237?
5
What is the tens digit of 4540454?
5
What is the hundreds digit of 3853442?
4
What is the ten thousands digit of 10221699?
2
What is the tens digit of 385860?
6
What is the millions digit of 2038268?
2
What is the hundred thousands digit of 1895269?
8
What is the hundred thousands digit of 735348?
7
What is the units digit of 276882?
2
What is the hundreds digit of 2284945?
9
What is the tens digit of 15362420?
2
What is the ten thousands digit of 3189664?
8
What is the hundreds digit of 906?
9
What is the units digit of 209086?
6
What is the millions digit of 2392005?
2
What is the thousands digit of 488480?
8
What is the units digit of 478156?
6
What is the hundred thousands digit of 4035694?
0
What is the ten thousands digit of 3140131?
4
What is the units digit of 32174?
4
What is the ten millions digit of 10077550?
1
What is the millions digit of 2071613?
2
What is the hundred thousands digit of 26720704?
7
What is the hundreds digit of 75026?
0
What is the hundreds digit of 471427?
4
What is the thousands digit of 147147?
7
What is the tens digit of 1051943?
4
What is the ten thousands digit of 228722?
2
What is the thousands digit of 869441?
9
What is the thousands digit of 29382174?
2
What is the tens digit of 1352422?
2
What is the units digit of 17986794?
4
What is the hundreds digit of 819969?
9
What is the thousands digit of 505258?
5
What is the thousands digit of 225214?
5
What is the thousands digit of 947292?
7
What is the ten thousands digit of 204328?
0
What is the units digit of 3589183?
3
What is the units digit of 29657957?
7
What is the millions digit of 2410172?
2
What is the ten thousands digit of 176474?
7
What is the millions digit of 1262694?
1
What is the hundreds digit of 4169599?
5
What is the units digit of 429897?
7
What is the millions digit of 2167335?
2
What is the ten thousands digit of 7895830?
9
What is the thousands digit of 275816?
5
What is the thousands digit of 167476?
7
What is the millions digit of 12561968?
2
What is the thousands digit of 12587540?
7
What is the tens digit of 170909?
0
What is the thousands digit of 546638?
6
What is the units digit of 1802173?
3
What is the millions digit of 23909592?
3
What is the hundreds digit of 130051?
0
What is the ten thousands digit of 80977?
8
What is the thousands digit of 751601?
1
What is the thousands digit of 15744252?
4
What is the thousands digit of 1300478?
0
